{"id":657,"date":"2022-07-09T10:52:29","date_gmt":"2022-07-09T08:52:29","guid":{"rendered":"http:\/\/xn--vetlandamotorsllskap-ozb.se\/?page_id=657"},"modified":"2025-02-21T15:51:44","modified_gmt":"2025-02-21T14:51:44","slug":"uthyrning","status":"publish","type":"page","link":"http:\/\/xn--vetlandamotorsllskap-ozb.se\/?page_id=657","title":{"rendered":"Uthyrning"},"content":{"rendered":"\n<p>Vi erbjuder korttidsuthyrning av vissa lokaler p\u00e5 anl\u00e4ggningen. Uthyrning sker till f\u00f6retag, f\u00f6reningar och medlemmar i Vetlanda Motors\u00e4llskap som \u00e4r \u00f6ver 25 \u00e5r. Lokalerna hyrs endast ut f\u00f6r privat bruk och slutna s\u00e4llskap. Pris f\u00f6r VIP:en\/Bl\u00e5 Huset 4.000:-\/ p\u00e5b\u00f6rjat dygn. Medlemmar h\u00f6r av sig till styrelsen f\u00f6r prisuppgift.<\/p>\n\n\n\n<p>Villkor f\u00f6r uthyrning \u00e4r kallhyra exklusive st\u00e4dning och sophantering. Vill ni l\u00e5ta bli att st\u00e4da och ta hand om sopor tillkommer en avgift med 1.500:-<\/p>\n\n\n\n<p>Bokning sker via mail: <a href=\"mailto:info@vetlandamotors\u00e4llskap.se\" data-type=\"mailto\" data-id=\"mailto:info@vetlandamotors\u00e4llskap.se\">info@vetlandamotors\u00e4llskap.se<\/a><\/p>\n\n\n\n<p><\/p>\n","protected":false},"excerpt":{"rendered":"<p>Vi erbjuder korttidsuthyrning av vissa lokaler p\u00e5 anl\u00e4ggningen. Uthyrning sker till f\u00f6retag, f\u00f6reningar och medlemmar i Vetlanda Motors\u00e4llskap som \u00e4r<\/p>\n","protected":false},"author":1,"featured_media":658,"parent":0,"menu_order":0,"comment_status":"closed","ping_status":"closed","template":"","meta":{"colormag_page_container_layout":"default_layout","colormag_page_sidebar_layout":"default_layout","footnotes":""},"class_list":["post-657","page","type-page","status-publish","has-post-thumbnail","hentry"],"_links":{"self":[{"href":"http:\/\/xn--vetlandamotorsllskap-ozb.se\/index.php?rest_route=\/wp\/v2\/pages\/657","targetHints":{"allow":["GET"]}}],"collection":[{"href":"http:\/\/xn--vetlandamotorsllskap-ozb.se\/index.php?rest_route=\/wp\/v2\/pages"}],"about":[{"href":"http:\/\/xn--vetlandamotorsllskap-ozb.se\/index.php?rest_route=\/wp\/v2\/types\/page"}],"author":[{"embeddable":true,"href":"http:\/\/xn--vetlandamotorsllskap-ozb.se\/index.php?rest_route=\/wp\/v2\/users\/1"}],"replies":[{"embeddable":true,"href":"http:\/\/xn--vetlandamotorsllskap-ozb.se\/index.php?rest_route=%2Fwp%2Fv2%2Fcomments&post=657"}],"version-history":[{"count":2,"href":"http:\/\/xn--vetlandamotorsllskap-ozb.se\/index.php?rest_route=\/wp\/v2\/pages\/657\/revisions"}],"predecessor-version":[{"id":2040,"href":"http:\/\/xn--vetlandamotorsllskap-ozb.se\/index.php?rest_route=\/wp\/v2\/pages\/657\/revisions\/2040"}],"wp:featuredmedia":[{"embeddable":true,"href":"http:\/\/xn--vetlandamotorsllskap-ozb.se\/index.php?rest_route=\/wp\/v2\/media\/658"}],"wp:attachment":[{"href":"http:\/\/xn--vetlandamotorsllskap-ozb.se\/index.php?rest_route=%2Fwp%2Fv2%2Fmedia&parent=657"}],"curies":[{"name":"wp","href":"https:\/\/api.w.org\/{rel}","templated":true}]}}